late x(o).
8
Let d = 6 + -6. Suppose 5*v - c = -6 + 1, d = -4*v + 4*c - 4. Let h be (2/2 + 3)/v. Let z(i) = -i - 7. Determine z(h).
-3
Let z(o) = -7*o**2 - o. Let f(r) = -r - 10. Let j be f(-9). Give z(j).
-6
Let g(b) be the third derivative of 1/60*b**5 + 1/24*b**4 + 1/6*b**3 + 0*b + 0 + b**2. Calculate g(-2).
3
Let m(o) = o**2 + 11*o - 6. Let x be m(-12). Let i(d) = -d**3 + 6*d**2 - d + 1. Determine i(x).
-5
Let z = 1 - 1. Let w(t) be the third derivative of -2*t**2 - 1/8*t**4 + z + 2/3*t**3 + 1/60*t**5 + 1/120*t**6 + 0*t. Determine w(-3).
-5
Let v(n) = -4*n**2 - 1. Let r(l) = -l - 15. Let k be r(-14). Calculate v(k).
-5
Let l(p) = 2*p - 2. Let t be ((-8)/(-24))/((-2)/(-30)). Calculate l(t).
8
Let u(k) be the first derivative of k**4/4 - 5*k**3/3 - 2*k + 1. Suppose 2 = 2*w + 3*j - 8, 0 = 2*w - 2*j - 10. Calculate u(w).
-2
Let h(u) = -2*u + 6. Let s = 6 - 5. Let t(c) = 2*c - 2*c + 2*c + s + c**2. Let p be t(-3). Determine h(p).
-2
Let m(v) = v**3 - 1 - 53*v**2 + v + 53*v**2. What is m(1)?
1
Let v = 5 + -3. Let l(o) = -3 - o + 1 + 2 - 4*o**v - 5 + o**3. Determine l(4).
-9
Let y(b) be the first derivative of 2*b**2 + 4*b + 4. Let d = -2 + -1. Calculate y(d).
-8
Let s(p) be the second derivative of -3*p**8/2240 + p**6/720 + p**4/6 + 3*p. Let r(t) be the third derivative of s(t). Determine r(1).
-8
Let h(u) be the first derivative of 0*u + 1 - 1/2*u**3 - 1/12*u**4 - 1/2*u**2. Let q(p) be the second derivative of h(p). What is q(-5)?
7
Let f(t) be the second derivative of -t**5/60 + t**4/6 + t**3/3 - 3*t**2 + 3*t. Let k(l) be the first derivative of f(l). Determine k(6).
-10
Let f(v) = -2*v + 10. Let s(r) = -2*r + 11. Let n(b) = -4*f(b) + 3*s(b). Let j(k) = 5*k**2. Suppose 1 = u + g, -u + 5*g - 9 = g. Let t be j(u). Determine n(t).
3
Let i(l) = 7 + 3*l - 1 - 4*l. Let u be i(3). Let h(g) = 5*g**2 + 5*g + g**u - g + g + 6. Determine h(-4).
2
Let s(q) = -3*q**3 - q**2 + q. Suppose 0 = -0*j - 4*j. Suppose j = h - 11 + 1. Let r be (-2)/(-4) - (-5)/h. Determine s(r).
-3
Let d(s) be the first derivative of -s**4/4 + s**3/3 - s**2/2 - s - 5. Let y(t) = 2*t**3 + 2*t + 2. Let k(w) = 3*d(w) + 2*y(w). Give k(-2).
3
Let q(p) = p**3 - 4*p**2 - 8*p + 7. Suppose -6*g + g - 20 = 0. Let u(w) = w**2 + w - 1. Let z(v) = g*u(v) - q(v). Determine z(2).
-3
Let n(w) = w**2 - w + 1. Let g(t) = 6*t**2 + 11. Let u(s) = g(s) - 5*n(s). Suppose -7 = 6*d - 3*d - 4*f, -d - 5*f - 15 = 0. Calculate u(d).
6
Suppose g + 2*g = 0. Let c(l) = 0*l**2 + 6 + g + l**2. Let k = -67 - -67. Determine c(k).
6
Let j(v) = 8*v**2 + 3*v + 3. Let s(g) = -8*g**2 - 4*g - 4. Let t(c) = -5*j(c) - 4*s(c). Calculate t(-1).
-8
Let u(m) = m**3 + 4*m**2 - m + 4. Let j(t) be the first derivative of -t**2 - 2. Let c be j(2). Determine u(c).
8
Suppose 4*p - 4*x = 24, 0 = 4*p - 2*x - 3 - 13. Suppose 4*j + 4*m - 24 = 0, -p*m - 2 = -10. Let g(z) = 1 - 2*z**3 + z + z**3 + 3*z**3 + 2*z**j - 3*z. Give g(1).
3
Let k(s) be the second derivative of -s**4/12 + 3*s**3/2 - 2*s**2 - 28*s. Determine k(7).
10
Let j(k) be the first derivative of k**4/4 + k**3/3 - 10*k - 1. Let w = -21 + 21. Give j(w).
-10
Let m(z) be the second derivative of -1/60*z**5 + 0*z**2 + 0 - z - 1/3*z**3 + 1/8*z**4. Let y(x) be the second derivative of m(x). Calculate y(5).
-7
Let c(x) = 4*x**2 + 3*x + 3. Let n(j) be the first derivative of j**4/4 + j**3/3 - j**2 - 2*j - 4. Let g be n(-2). Calculate c(g).
13
Let t(y) = -y**2 - 5*y - 2. Let l(h) be the first derivative of 2*h**2 - h + 2. Suppose -4*r - 2 = 2. Let s be l(r). Give t(s).
-2
Let q(s) = 16*s - 4. Let l(x) = 7*x - 2. Let m(k) = 14*l(k) - 6*q(k). Give m(6).
8
Let r(z) = -2 + 2 + 2*z - 2 - 2*z**2 + 1. Determine r(1).
-1
Let y(h) be the second derivative of -5*h**4/12 - h**3/3 + h**2 + h. Let w be (33/6 - 3)*12/(-15). Determine y(w).
-14
Let c be 1 + 3*4/(-6). Let x(a) be the first derivative of a**5/60 - a**4/24 + a**3/3 + 3. Let h(r) be the third derivative of x(r). Determine h(c).
-3
Let d(h) be the third derivative of -h**9/60480 - h**8/4032 - h**7/1008 - h**6/360 + h**5/60 + 2*h**2. Let b(f) be the third derivative of d(f). Give b(-3).
-5
Let z(u) = 0 + 2*u**2 + 10*u**3 + 1 + 2*u - 3*u**3. Let n = 1 + 3. Suppose n = -3*h - h. Give z(h).
-6
Let f = 0 + 0. Suppose f = 2*q + 3*q - 5. Let z(m) = -3 - 4*m + 3*m + q. Determine z(0).
-2
Let n = -3 + 6. Let z(v) = v - v + 3*v + n. Let c be (4/3)/((-8)/12). Determine z(c).
-3
Let y(k) = -6*k - 1. Suppose 0 = 5*w - 3*g + 20, 16 = -7*w + 3*w + 5*g. Let b(z) = -z**3 + 5*z**2 + 9*z - 13. Let t be b(6). Let h = t + w. Determine y(h).
-7
Let t = 354 - 353. Let c(r) be the second derivative of -r**3/3 - r**2/2 + r. Determine c(t).
-3
Suppose -6*m + m = q + 10, 24 = 3*q - 3*m. Let n(p) = -p**3 + 5*p**2 - 2*p + 6. Let z be n(q). Let t(i) = -5*i - 5. Give t(z).
15
Let x(v) be the third derivative of -v**4/24 - 2*v**3/3 - 2*v**2 + 8. Let m(b) = -2 - 2 + 6*b - 2*b - b**2. Let q be m(4). What is x(q)?
0
Let z(s) = -s**2 - 3*s - 6. Suppose -8 - 5 = 2*v + 3*p, 4*v - 5*p + 15 = 0. Let k(o) = -o**2 - 3*o - 7. Let c(u) = v*k(u) + 6*z(u). Determine c(-2).
1
Let p(s) = s**2 + 9*s - 11. Suppose -c + 36 = -4*g, 0 = -c - 5 + 1. Calculate p(g).
-1
Suppose 0 = -4*n + 21 - 1. Suppose 0 = 5*x - 5*b - 20, 19 - 4 = -n*b. Let t(g) = -2*g**3 + g**2 - 2*g + 1. Determine t(x).
-2
Let w(y) = y. Let i = -4 - -8. Let l be 3/((-6)/i) - -3. Let z = l + -2. Give w(z).
-1
Suppose i - 3 = 2*n, 0 = 5*i - 5*n - 3 - 7. Let a(x) be the first derivative of 0*x**2 - 2 + 0*x + 1/3*x**3 - x**4. Calculate a(i).
-3
Let d(m) = -1. Let n(k) = -6 + 4*k + 5*k - 3*k - 5*k. Let f(z) = -14*d(z) + 2*n(z). Let v = -1 + -2. Determine f(v).
-4
Let z be (-4)/10 - 26/10. Let t = -14 + 16. Let n(u) = 2*u + u**3 - 2 + 4*u**t - 3*u**2 - 7*u. What is n(z)?
-5
Let q(w) = 2*w**3 + 4*w**2 + w - 2. Let l be 7/(28/8) - 4. What is q(l)?
-4
Let g(j) = j**2 - 7*j - 2. Let y be g(7). Let l(k) = k**3 + 4*k**2 + k - 1. Let a be l(y). Let s(z) = a*z - z**3 + 1 + 1 + 4*z**2 + 1 + 0*z. What is s(5)?
3
Let b(n) = -6*n**3 + n**2 + 2*n + 3. Let w(g) be the first derivative of 5/3*g**3 + 5*g**2 + 16*g - 31/4*g**4 + 1. Let u(z) = -11*b(z) + 2*w(z). Give u(-1).
-4
Let u(p) = -2*p + 8. Let i(c) = -c**3 + 9*c**2 + 7. Let t be i(9). Calculate u(t).
-6
Let g(p) = -p - 3. Let z be g(-6). Let k(c) = c + 3 + 7 + 0 - z. Let a be (-1)/(-3) - 2/6. Give k(a).
7
Suppose 0 = 5*z - 6*z - 1. Let c(a) be the second derivative of a**3 - a**2/2 - a. Determine c(z).
-7
Suppose 5*f = f + 16. Let t(u) = 1. Suppose -7 = j + 4*l, -4*j + 0 = l - 2. Let r(n) = -3*n - 2. Let m(q) = f*t(q) + j*r(q). Determine m(2).
-4
Let y(o) = -o**2 - 4*o - 3. Let h(v) = 3*v**2 + 7*v + 5. Let r(p) = 2*h(p) + 5*y(p). Determine r(6).
-5
Let d(u) = u**3 + 6*u**2 + 4*u - 4. Let z(t) = t**3 - 3*t**2 - t - 1. Let x be z(3). Let p = -50 + x. Let v be 18/45 - p/(-10). Calculate d(v).
1
Let m(k) = k**2 + 0*k**2 + 1 - 18*k + 23*k. Give m(-5).
1
Let k be (14/(-3) + 0)*(-105)/70. Let b(z) = z**3 - 7*z**2 + z - 10. What is b(k)?
-3
Let g(b) = -b**3 - b + 1. Let r(t) = 4*t**3 - 2*t**2 + t - 6. Let z(s) = 3*g(s) + r(s). Calculate z(3).
0
Let o(i) = i. Let h be ((-224)/(-70))/(4/10). Give o(h).
8
Suppose 16 = -0*f + 3*f + p, f = 3*p - 8. Let b = 4 - f. Let c(m) = 3*m - 2*m + b*m - 4. Determine c(-3).
-7
Let v(f) = 4*f**3 + 382*f + f**2 - 5*f**3 + 1 - 763*f + 380*f. Suppose 4*w - 28 = 2*w. Suppose 2 = -2*u + 2*r, 3 - w = 2*u - 5*r. Determine v(u).
-5
Let p(r) = -r**3 + 3*r**2 - r. Let k be p(1). Let d be -8 + -2*(k + -2). Let l(m) = m**3 + 6*m**2 - 2*m - 9. Determine l(d).
3
Let m(y) = -2*y**2 + 3*y + 0*y**2 + y. Let b be 18/(-63) + (-46)/(-14). Give m(b).
-6
Let g(s) = s**3 - 5*s**2 - 2*s + 2. Suppose -6 = -2*h + p + 6, 0 = -5*h + 4*p + 33. Give g(h).
-8
Let b(l) be the second derivative of l**4/12 + 4*l**3/3 - 13*l**2/2 + 15*l. What is b(-9)?
-4
Let s(h) = 21*h - 7*h**3 - 20*h - h**2 - 2*h**3. Suppose -5*m + 4*x = -21, -1 = -m + x + 4. Calculate s(m).
-9
Suppose -7*j = -8*j - 9. Let d(y) = y + 10. Give d(j).
1
Let s(k) be the first derivative of -k**3/3 + 3*k + 32. Let j = 4 - 8. Give s(j).
-13
Let y = -8 + 13. Let u be 3/2 - y/(-10). Suppose -u + 4 = -w. Let c(m) = -m**2 - 3*m. Determine c(w).
2
Let v be 0/1 + (-8)/(-2). Let q(k) = 6*k - 5. Let g(t) = -t. Let y(m) = 2*g(m) + q(m). Gi